6 (base 7) in base 8?
-166
30353 (base 7) to base 16
1cdc
54405 (base 7) to base 12
7a36
Convert -6842 (base 11) to base 6.
-105400
Convert 22cc (base 15) to base 12.
4340
Convert -748 (base 12) to base 14.
-560
What is -23111 (base 5) in base 13?
-9a5
What is -815 (base 9) in base 15?
-2e2
What is -11110001101 (base 2) in base 10?
-1933
-120012 (base 3) to base 2
-110011010
10100100110 (base 2) to base 12
91a
9758 (base 10) to base 13
4598
Convert -102232 (base 4) to base 15.
-54d
What is -135224 (base 6) in base 5?
-402312
-2044201 (base 5) to base 12
-17a25
What is 2631 (base 12) in base 5?
114412
What is -163513 (base 7) in base 12?
-16981
-40157 (base 10) to base 16
-9cdd
What is 176 (base 11) in base 10?
204
1101011 (base 4) to base 16
1445
Convert -271 (base 11) to base 8.
-500
What is -1106 (base 12) in base 14?
-982
What is b436 (base 13) in base 12?
124a0
Convert 113423 (base 5) to base 7.
15233
Convert 123303 (base 4) to base 16.
6f3
Convert 3325 (base 6) to base 5.
11043
What is e75 (base 15) in base 12?
1a78
What is -11402 (base 6) in base 13?
-9a7
101100000110011 (base 2) to base 9
33867
What is 410 (base 12) in base 3?
210210
Convert 363 (base 8) to base 14.
135
Convert 1222221 (base 3) to base 8.
2660
-23120 (base 4) to base 3
-222222
What is 167 (base 16) in base 7?
1022
Convert -111211 (base 3) to base 4.
-11311
-1461 (base 8) to base 15
-397
-15001 (base 6) to base 5
-34002
Convert -62321 (base 7) to base 9.
-22828
Convert -52a (base 13) to base 3.
-1012122
212012 (base 3) to base 15
2bb
What is -2033 (base 6) in base 11?
-382
17625 (base 8) to base 9
12073
Convert 20101 (base 5) to base 16.
4fc
Convert -11025 (base 7) to base 13.
-1347
What is -11bc7 (base 13) in base 7?
-164366
Convert -114 (base 7) to base 3.
-2020
Convert 20102002 (base 3) to base 16.
1241
Convert -1300223 (base 4) to base 12.
-420b
Convert 27040 (base 9) to base 10.
18261
34804 (base 12) to base 16
11284
-11112221 (base 3) to base 6
-23211
What is 1083 (base 9) in base 16?
324
What is 258 (base 11) in base 6?
1225
What is -d58 (base 15) in base 11?
-2295
-303 (base 13) to base 9
-626
-529 (base 12) to base 11
-625
Convert -432424 (base 5) to base 15.
-4579
302 (base 8) to base 15
ce
Convert 433 (base 11) to base 12.
374
-3958 (base 11) to base 12
-2b89
Convert 35562 (base 7) to base 11.
6a10
23a2 (base 15) to base 7
31043
What is 2793 (base 12) in base 8?
10737
What is -1021011120 (base 3) in base 11?
-17795
What is -12481 (base 10) in base 9?
-18107
Convert -380 (base 14) to base 4.
-22330
Convert -5453 (base 6) to base 5.
-20012
What is 4232 (base 6) in base 4?
32330
What is 2020 (base 6) in base 16?
1bc
What is 181a (base 16) in base 2?
1100000011010
What is -100110110111 (base 2) in base 13?
-1194
Convert -b07 (base 15) to base 2.
-100110110010
What is 242 (base 7) in base 15?
88
What is 4431 (base 5) in base 11?
510
Convert bd64 (base 14) to base 10.
32820
-152034 (base 6) to base 14
-550a
What is 1bc (base 16) in base 3?
121110
Convert 1068 (base 10) to base 2.
10000101100
What is -435 (base 8) in base 6?
-1153
What is -42357 (base 11) in base 3?
-10010120101
Convert 218 (base 16) to base 2.
1000011000
What is 11113 (base 4) in base 14?
1a7
100111001000 (base 2) to base 14
cac
Convert -23212 (base 6) to base 7.
-12452
-2354 (base 10) to base 13
-10c1
9863 (base 10) to base 12
585b
What is -12101 (base 3) in base 11?
-122
What is 5a (base 16) in base 9?
110
12014 (base 6) to base 10
1738
What is 14370 (base 9) in base 10?
9783
-5543 (base 6) to base 4
-110013
What is 111100111 (base 2) in base 10?
487
Convert 124 (base 7) to base 15.
47
What is 133400 (base 5) in base 10?
5475
30664 (base 7) to base 4
1311313
What is 1125 (base 8) in base 3?
211010
What is -a69c (base 14) in base 5?
-1410004
What is -f3 (base 16) in base 12?
-183
What is 3345 (base 11) in base 4?
1010311
Convert 5a65 (base 13) to base 11.
9649
What is 1231 (base 6) in base 13?
1a8
What is -10010011010110 (base 2) in base 14?
-3618
Convert -3499 (base 10) to base 12.
-2037
What is 12374 (base 8) in base 7?
21443
What is d752 (base 16) in base 7?
316464
Convert -1b1 (base 16) to base 12.
-301
What is 17033 (base 8) in base 13?
367b
Convert -1867 (base 9) to base 6.
-10354
3017 (base 8) to base 14
7cb
What is -12100 (base 8) in base 10?
-5184
Convert -5208 (base 10) to base 14.
-1c80
Convert -3a8b (base 12) to base 14.
-264b
What is -3d0 (base 16) in base 6?
-4304
-2e1b (base 15) to base 16
-26c6
What is 111113 (base 5) in base 15?
1258
What is 102a (base 11) in base 6?
10151
20102010 (base 3) to base 12
2856
What is -3220 (base 5) in base 12?
-303
Convert 35533 (base 6) to base 5.
131134
-227 (base 16) to base 15
-26b
Convert -200 (base 16) to base 14.
-288
Convert 1434 (base 5) to base 2.
11110100
-1053 (base 8) to base 5
-4210
What is -1201000 (base 3) in base 8?
-2332
-221243 (base 5) to base 8
-17022
What is 3000 (base 6) in base 13?
3ab
What is 288 (base 12) in base 16?
188
Convert -1425 (base 13) to base 12.
-1820
What is -465 (base 13) in base 2?
-1011110111
What is 10224 (base 6) in base 5?
21014
121332 (base 4) to base 5
23122
Convert -1c91 (base 13) to base 7.
-15443
-2001121221 (base 3) to base 5
-2244202
What is -1305 (base 6) in base 12?
-235
-3195 (base 10) to base 11
-2445
-9349 (base 11) to base 12
-720b
-2425 (base 6) to base 14
-305
What is -17681 (base 12) in base 8?
-102001
Convert -1101011000 (base 2) to base 9.
-1151
Convert 2022232 (base 4) to base 11.
6741
Convert 1995 (base 14) to base 3.
20100211
1131233 (base 4) to base 13
2966
What is -47 (base 9) in base 8?
-53
What is -16460 (base 10) in base 3?
-211120122
Convert -17570 (base 8) to base 9.
-12041
Convert -442141 (base 5) to base 13.
-6c68
-268 (base 12) to base 10
-368
9416 (base 11) to base 13
58b0
Convert -145324 (base 6) to base 14.
-523a
What is b3ab (base 13) in base 14?
9087
Convert 1011001010 (base 2) to base 8.
1312
Convert 1606 (base 8) to base 11.
750
Convert 20001 (base 3) to base 6.
431
Convert 625 (base 9) to base 6.
2205
385 (base 15) to base 13
497
What is -4350 (base 7) in base 10?
-1554
Convert -1d6 (base 16) to base 14.
-258
What is 1554 (base 6) in base 7?
1153
Convert 163362 (base 7) to base 15.
9923
Convert -83aa (base 11) to base 15.
-3471
-325 (base 10) to base 9
-401
What is -133257 (base 9) in base 4?
-103303231
Convert 2b91 (base 14) to base 2.
1111001011011
What is -13201 (base 5) in base 12?
-737
-3b6 (base 16) to base 9
-1265
What is -11021200 (base 4) in base 8?
-51140
Convert -15233 (base 12) to base 7.
-152412
-350 (base 15) to base 2
-1011101110
What is 3013110 (base 4) in base 16?
31d4
647 (base 8) to base 7
1143
Convert -1101222 (base 3) to base 10.
-1025
Convert -2068 (base 13) to base 15.
-14da
Convert 2274 (base 14) to base 15.
1b8c
Convert 102110012 (base 3) to base 7.
33224
1541 (base 7) to base 11
511
What is -1010221 (base 3) in base 9?
-1127
-205 (base 11) to base 3
-100011
1423 (base 8) to base 2
1100010011
Convert 4eb (base 16) to base 11.
a45
What is -11e (base 15) in base 4?
-3332
What is 10533 (base 6) in base 12?
a49
What is 3414 (base 5) in base 11?
400
Convert 12033 (base 4) to base 2.
110001111
-31797 (base 10) to base 13
-1161c
What is 1a76 (base 11) in base 7?
10436
3577 (base 13) to base 3
101100001
-e7f (base 16) to base 8
-7177
4534 (base 8) to base 4
211130
What is -111110 (base 2) in base 6?
-142
Convert -41c8 (base 13) to base 10.
-9121
What is 873 (base 10) in base 15?
3d3
-110001001 (base 2) to base 12
-289
Convert 433302 (base 6) to base 10.
35750
What is -158 (base 16) in base 4?
-11120
2c34 (base 13) to base 9
8773
Convert -2306 (base 9) to base 5.
-23312
Convert -2b3 (base 14) to base 8.
-1045
-1124 (base 6) to base 14
-152
What is -177b (base 12) in base 6?
-21035
Convert 482a9 (base 11) to base 10.
69573
What is -7648 (base 10) in base 11?
-5823
What is -1304 (base 6) in base 11?
-279
Convert 110111101 (base 2) to base 5.
3240
-424404 (base 6) to base 2
-1000011110010100
32122 (base 5) to base 3
2222002
What is -134 (base 12) in base 8?
-270
Convert -5795 (base 10) to base 3.
-21221122
43a (base 14) to base 15
3ab
Convert -b2 (base 16) to base 10.
-178
44a (base 12) to base 4
21322
Convert 3503 (base 6) to base 13.
4bc
Convert -a (